*(-3 + (-21)/(-15)). Suppose 0 = -u + 4 + j. What is the highest common divisor of u and 12?
12
Suppose -3*p + 0*z - z + 340 = 0, -5*p = -2*z - 574. Calculate the greatest common divisor of p and 171.
57
Let r be (64/12)/((-2)/(-3)). Calculate the greatest common factor of 2 and r.
2
Suppose 0 = z - 0*z - 234. What is the greatest common factor of z and 26?
26
Let t be (-4956)/(-49) - (-1)/(-7). Let q = -16 + t. What is the greatest common divisor of 34 and q?
17
Suppose 0 = 4*y - 4*a - 64, -2*y + a = -8 - 20. Suppose -2*w + 45 = -w - 3*g, -4*g = 4*w - 132. What is the greatest common factor of w and y?
12
Let i(h) = h**3 - 3*h**2 - 4*h + 5. Let b be i(4). Calculate the highest common factor of b and 2.
1
Let n(t) = -4*t**3 - 3*t + 2. Let x be n(2). Let s = x + -18. Let c = 114 + s. What is the greatest common factor of c and 24?
12
Suppose 32 = 4*q - 0*u + 3*u, -2*q + 26 = 4*u. Let n be 15*2/(-4)*2. Let k be (n/(-12))/(1/44). Calculate the greatest common factor of k and q.
5
Let x be (-7760)/(-72) + 4/18. Suppose 2*s + x = 5*s. What is the greatest common divisor of s and 24?
12
Suppose -2*r = -4*r + 484. What is the greatest common divisor of r and 22?
22
Suppose -4*k - c + 47 + 49 = 0, 4*c = 2*k - 48. Let r be (k/(-20))/((-2)/10). Let l be 4/((-14)/r - -3). What is the greatest common divisor of 66 and l?
6
Let m = 9 + -9. Let p = m + 2. Calculate the greatest common divisor of p and 8.
2
Suppose 895 = 2*d + 3*d. Let z = d + -99. Let g = -6 - -16. Calculate the highest common factor of g and z.
10
Let z be 2/(-2)*3 - -6. Let l be (-2)/8 - 23/4. Let u be ((-9)/z)/(2/l). What is the highest common factor of 9 and u?
9
Let v be (1 + 10)*(2 + 0). Let q = 112 - -53. Suppose p = 6*p - q. What is the greatest common divisor of p and v?
11
Suppose -8 = 5*w - 63. Let g(l) = 2*l. Let v be g(3). Let o be 112/1 + v/(-3). What is the highest common factor of w and o?
11
Let g = -22 + 28. Suppose a = -a + 84. Calculate the highest common factor of g and a.
6
Let z(p) = 0 + 6 - 13 + 31*p + 6. Let u be z(1). Calculate the highest common divisor of u and 6.
6
Let y = 31 + -14. Calculate the greatest common factor of y and 119.
17
Let t = 3 - 9. Let s be -6*(2 - (-26)/t). Calculate the greatest common divisor of s and 112.
14
Let q(u) = -u**3 + 6*u**2 + 2*u + 8. Let k be q(6). Calculate the greatest common factor of k and 140.
20
Suppose 3*l + 3*l = 60. Calculate the greatest common divisor of l and 90.
10
Suppose -5*m = 4*c - 208, -3*m + 0*c - c = -122. What is the highest common divisor of 16 and m?
8
Suppose -4*i + 83 = -4*v - 141, 0 = -3*i - 2*v + 163. Calculate the greatest common divisor of 11 and i.
11
Let b be 2/(-5) + 34/10. Suppose -b*g + 15 = -9. Let s be 9/(1/g*6). What is the greatest common divisor of 12 and s?
12
Let b(y) = 2*y**3 - y**2 - 4*y. Let i be b(3). Let w be 308/i*(-6)/(-4). Calculate the greatest common factor of w and 42.
14
Let r be ((-36)/(3 + -6))/(6/4). What is the highest common divisor of 32 and r?
8
Suppose 5*p + 14 = -2*w, -4*p - 3 = -5*w + 28. Let v be (p/3)/(-2)*18. Let i(k) = -4*k. Let o be i(-3). What is the greatest common divisor of o and v?
12
Let f = 11 + -22. Let q(c) = -c**3 - 10*c**2 + 4*c - 12. Let b be q(f). What is the highest common factor of b and 26?
13
Let s be (10 + 0)/((-1)/(-4)). Suppose 7*j - 79 + 9 = 0. Calculate the greatest common divisor of s and j.
10
Let v = 1 - -7. What is the greatest common divisor of v and 72?
8
Let b be (-4)/14 - (-11376)/28. Suppose b = 4*t - 2*t. What is the highest common divisor of 29 and t?
29
Suppose -11 = 3*j - 68. Let r be 3/(140/(-76) + 2). Calculate the greatest common factor of j and r.
19
Let s = -43 + 68. Calculate the greatest common divisor of s and 225.
25
Let u be (0 + 0 - 1)*1. Let q be 0*(1/2)/u. Suppose -s = -5 - q. What is the highest common factor of s and 55?
5
Let l = -10 + 26. What is the highest common factor of 144 and l?
16
Let g = 0 - -9. Suppose b = g + 7. Calculate the greatest common factor of b and 128.
16
Suppose 2*v - 7*v + 101 = 2*l, 5*v = 4*l - 277. What is the highest common divisor of 9 and l?
9
Let t = 139 + -22. Let h(k) = k**3 + 7*k**2 + 6*k + 1. Let m be h(-5). Let g = 34 - m. Calculate the greatest common divisor of t and g.
13
Suppose 3*o + 2*o + 70 = 0. Let q be 4/o + 1268/28. Suppose y - 98 = q. What is the highest common divisor of 13 and y?
13
Suppose 8 = y - 5*c, y - 5*y + c = -108. Calculate the highest common factor of 112 and y.
28
Let w(i) = -i + 3. Let r be w(-4). Calculate the greatest common divisor of r and 1.
1
Let n(p) = -p + 9. Let y be n(9). Suppose y = -0*b - 4*b + 24. What is the highest common divisor of b and 24?
6
Let q = -93 + 143. Suppose -5*l - 3*g = -8*g - q, 3*g = -5*l + 34. Calculate the greatest common divisor of l and 1.
1
Let h = -90 + 330. Calculate the highest common divisor of 16 and h.
16
Let k(h) = -7 + 2*h - 3*h + 6*h. Let g be k(5). What is the highest common factor of g and 9?
9
Suppose -2*r + 23 = 3*l - 47, l = -2*r + 22. Suppose 0*w = 3*w - 36. Calculate the highest common divisor of w and l.
12
Let h be (-8)/(-2) + -1 - -10. Suppose -5*n + 154 = 24. Calculate the highest common factor of n and h.
13
Let r(m) be the first derivative of 3*m**3 + m**2/2 - m + 1. Let w be r(1). What is the highest common factor of w and 9?
9
Suppose -4*h + 2 = 2*r, -5*r - 4*h + 35 = -0*r. What is the greatest common factor of 44 and r?
11
Let j = 9 + -8. Let y be 2 + (3 - 2)*-1. What is the highest common divisor of y and j?
1
Let q(x) = x**2 + 2*x + 6. Let a be q(-5). Suppose 25*t = a*t + 352. Calculate the highest common factor of t and 22.
22
Suppose -11*x + 7*x + 140 = 0. What is the highest common factor of x and 5?
5
Let a(j) = 2*j**2 - 5*j + 4. Let r be a(3). What is the greatest common divisor of r and 112?
7
Let b(y) = y + 19. Let v be b(-3). Calculate the highest common factor of v and 64.
16
Let z be (-1 + 61)/((-9)/(-12)). Let b = z + -47. Calculate the greatest common divisor of b and 22.
11
Let d be (-1)/3 + (-25)/(-3). Let b be ((-14)/4)/((-1)/d). Let n(m) = m**3 - 5*m**2 - 5*m + 1. Let z be n(6). What is the highest common divisor of z and b?
7
Suppose 20 = 4*k + k. Suppose -q + v = -3, 2*q + 5*v + k = 31. What is the highest common factor of 18 and q?
6
Suppose -97 = -15*q + 38. Calculate the greatest common divisor of q and 12.
3
Let t be 4*(-1 - (-7)/((-7)/(-2))). What is the greatest common factor of t and 28?
4
Let v = 11 + 29. Calculate the highest common factor of 5 and v.
5
Let d(v) = v**2 - 10. Let h be d(-7). What is the greatest common divisor of h and 52?
13
Let j be (-889)/(-28) - (-2)/8. Calculate the greatest common factor of 8 and j.
8
Let w be ((-4)/(-2))/(-1) - -38. Calculate the highest common factor of 90 and w.
18
Let p be 2*(-5)/10 + 23. Calculate the greatest common factor of p and 55.
11
Let g(w) = -4*w - 3. Let l be g(3). Let y = 23 + l. What is the highest common divisor of 20 and y?
4
Let c(z) = -z**3 + z**2 + z + 26. Let m be c(0). Suppose f - 86 = 5*t - f, -4*f = t + m. Let u be t/5*(-15)/6. What is the highest common factor of u and 63?
9
Suppose -3*z + z + 80 = -4*u, 0 = 4*u + 5*z + 80. Suppose 2*s + 76 = 4*s. Let m = u + s. Calculate the highest common factor of 9 and m.
9
Let r(i) = 41*i**3 - i**2 + 2*i - 2. Let q be r(1). What is the greatest common factor of q and 30?
10
Let h be (0 + -2)/(0 - 2). Let p(j) = j - 6. Let u be p(8). Let i = h + u. Calculate the highest common factor of 12 and i.
3
Let k(x) = 53*x - 2. Let t be k(2). Calculate the highest common divisor of t and 26.
26
Let s = 3 + -2. Let k be (s + 8/6)*6. What is the highest common factor of k and 7?
7
Let t be 3*84/(-18)*5/(-2). Suppose -2*p = -76 - 204. What is the highest common divisor of t and p?
35
Let y = 113 - 50. Calculate the greatest common factor of 9 and y.
9
Let a be (48/30)/(4/10). Let d be (-60)/(-14) - a/14. Calculate the greatest common divisor of d and 32.
4
Let j = 74 + -29. Calculate the highest common divisor of j and 30.
15
Let a(x) = 2*x + 2. Let d be a(2). Suppose 120 = 9*m - d*m. What is the greatest common factor of m and 16?
8
Let d = 489 - 218. Let s = d + -161. What is the greatest common factor of 44 and s?
22
Let n = 14 + -12. Suppose 12 = s - 0*s - n*j, -s =